the remainder when 67122 is divided by 22371.
9
What is the remainder when 44882 is divided by 488?
474
What is the remainder when 78893 is divided by 289?
285
Calculate the remainder when 7264 is divided by 1033.
33
What is the remainder when 18283 is divided by 9136?
11
What is the remainder when 1530 is divided by 393?
351
Calculate the remainder when 37939 is divided by 17.
12
Calculate the remainder when 50359 is divided by 103.
95
Calculate the remainder when 1836 is divided by 905.
26
What is the remainder when 21908 is divided by 7290?
38
What is the remainder when 39189 is divided by 35?
24
What is the remainder when 8106 is divided by 7780?
326
Calculate the remainder when 42852 is divided by 2357.
426
Calculate the remainder when 803348 is divided by 97.
91
Calculate the remainder when 11222 is divided by 5584.
54
Calculate the remainder when 70899 is divided by 277.
264
Calculate the remainder when 302937 is divided by 612.
609
What is the remainder when 1145 is divided by 737?
408
What is the remainder when 1725 is divided by 213?
21
What is the remainder when 2062720 is divided by 41?
10
Calculate the remainder when 1224 is divided by 378.
90
What is the remainder when 600 is divided by 120?
0
What is the remainder when 4825 is divided by 414?
271
Calculate the remainder when 3724 is divided by 278.
110
What is the remainder when 595518 is divided by 7538?
16
Calculate the remainder when 22714 is divided by 71.
65
What is the remainder when 684924 is divided by 684914?
10
What is the remainder when 5914 is divided by 1328?
602
Calculate the remainder when 2352 is divided by 45.
12
What is the remainder when 11271 is divided by 3754?
9
Calculate the remainder when 27614 is divided by 13606.
402
Calculate the remainder when 326210 is divided by 1165.
10
What is the remainder when 3006 is divided by 501?
0
Calculate the remainder when 17812 is divided by 712.
12
What is the remainder when 12205 is divided by 231?
193
Calculate the remainder when 194776 is divided by 1.
0
What is the remainder when 173222 is divided by 198?
170
What is the remainder when 51541 is divided by 93?
19
What is the remainder when 57471 is divided by 18?
15
Calculate the remainder when 4590 is divided by 339.
183
What is the remainder when 1662 is divided by 480?
222
Calculate the remainder when 281440 is divided by 14.
12
Calculate the remainder when 49961 is divided by 196.
177
What is the remainder when 1160794 is divided by 54?
10
Calculate the remainder when 156363 is divided by 156320.
43
What is the remainder when 6221 is divided by 6212?
9
Calculate the remainder when 2296 is divided by 384.
376
What is the remainder when 120120 is divided by 128?
56
What is the remainder when 9994 is divided by 208?
10
What is the remainder when 396461 is divided by 16?
13
Calculate the remainder when 422 is divided by 211.
0
What is the remainder when 4472 is divided by 23?
10
Calculate the remainder when 202758 is divided by 57.
9
What is the remainder when 11628 is divided by 5662?
304
What is the remainder when 366701 is divided by 164?
161
What is the remainder when 36401 is divided by 167?
162
What is the remainder when 231025 is divided by 10?
5
What is the remainder when 176589 is divided by 54?
9
Calculate the remainder when 11906 is divided by 5880.
146
Calculate the remainder when 4521 is divided by 115.
36
Calculate the remainder when 290014 is divided by 144.
142
What is the remainder when 585 is divided by 490?
95
Calculate the remainder when 230 is divided by 49.
34
What is the remainder when 781 is divided by 92?
45
Calculate the remainder when 750 is divided by 88.
46
What is the remainder when 11374 is divided by 11303?
71
What is the remainder when 11366 is divided by 116?
114
What is the remainder when 57695 is divided by 577?
572
Calculate the remainder when 2925 is divided by 974.
3
What is the remainder when 3472 is divided by 289?
4
What is the remainder when 10219 is divided by 3163?
730
What is the remainder when 13742 is divided by 623?
36
What is the remainder when 33814 is divided by 245?
4
What is the remainder when 457173 is divided by 57146?
5
What is the remainder when 694132 is divided by 740?
12
What is the remainder when 53255 is divided by 12?
11
Calculate the remainder when 93302 is divided by 136.
6
Calculate the remainder when 3000 is divided by 2994.
6
Calculate the remainder when 40835 is divided by 232.
3
Calculate the remainder when 5206 is divided by 2.
0
What is the remainder when 361560 is divided by 349?
345
What is the remainder when 71871 is divided by 39?
33
Calculate the remainder when 7870 is divided by 183.
1
What is the remainder when 51616 is divided by 12896?
32
Calculate the remainder when 224938 is divided by 2471.
77
What is the remainder when 18975 is divided by 13?
8
Calculate the remainder when 15729 is divided by 22.
21
Calculate the remainder when 248027 is divided by 31.
27
Calculate the remainder when 732073 is divided by 7.
6
What is the remainder when 2320810 is divided by 247?
245
Calculate the remainder when 775333 is divided by 10621.
0
What is the remainder when 30023 is divided by 1778?
1575
What is the remainder when 98153 is divided by 10904?
17
Calculate the remainder when 73949 is divided by 4929.
14
Calculate the remainder when 22170 is divided by 4402.
160
Calculate the remainder when 20200 is divided by 677.
567
What is the remainder when 27080 is divided by 35?
25
What is the remainder when 126231 is divided by 949?
14
Calculate the remainder when 2537 is divided by 1041.
455
What is the remainder when 49065 is divided by 218?
15
What is the remainder when 78106 is divided by 26019?
49
What is the remainder when 125806 is divided by 386?
356
Calculate the remainder when 10068 is divided by 138.
132
Calculate the remainder when 2891 is divided by 402.
77
What is the remainder when 881 is divided by 358?
165
Calculate the remainder when 32831 is divided by 16409.
13
What is the remainder when 940 is divided by 31?
10
What is the remainder when 55216 is divided by 82?
30
Calculate the remainder when 1233 is divided by 400.
33
What is the remainder when 6954 is divided by 83?
65
Calculate the remainder when 2077 is divided by 596.
289
Calculate the remainder when 1520 is divided by 151.
10
Calculate the remainder when 524116 is divided by 120.
76
What is the remainder when 362365 is divided by 1785?
10
What is the remainder when 4394 is divided by 314?
312
What is the remainder when 18046 is divided by 20?
6
What is the remainder when 3363 is divided by 58?
57
What is the remainder when 2620 is divided by 918?
784
Calculate the remainder when 1071 is divided by 109.
90
What is the remainder when 8033 is divided by 1556?
253
What is the remainder when 1269788 is divided by 87?
23
Calculate the remainder when 128879 is divided by 6137.
2
Calculate the remainder when 11447 is divided by 371.
317
What is the remainder when 4766 is divided by 4762?
4
Calculate the remainder when 53132 is divided by 82.
78
Calculate the remainder when 418783 is divided by 368.
367
What is the remainder when 5678 is divided by 90?
8
Calculate the remainder when 27264 is divided by 237.
9
What is the remainder when 330826 is divided by 57?
55
Calculate the remainder when 9875 is divided by 102.
83
Calculate the remainder when 3522 is divided by 275.
222
What is the remainder when 417 is divided by 213?
204
What is the remainder when 978432 is divided by 51?
48
Calculate the remainder when 10772111 is divided by 39.
38
What is the remainder when 5936 is divided by 1667?
935
What is the remainder when 1239858 is divided by 3?
0
What is the remainder when 4206 is divided by 36?
30
Calculate the remainder when 36955 is divided by 13.
9
What is the remainder when 2795 is divided by 311?
307
Calculate the remainder when 1883 is divided by 182.
63
Calculate the remainder when 615 is divided by 295.
25
What is the remainder when 73655 is divided by 66?
65
What is the remainder when 4502 is divided by 165?
47
What is the remainder when 52694 is divided by 13?
5
Calculate the remainder when 22651 is divided by 180.
151
Calculate the remainder when 2710 is divided by 178.
40
What is the remainder when 9154 is divided b